.
4
Calculate the highest common factor of 16 and 496.
16
What is the highest common divisor of 11 and 352?
11
What is the highest common divisor of 57 and 9063?
57
Calculate the greatest common divisor of 858 and 338.
26
Calculate the highest common factor of 15 and 2120.
5
What is the highest common divisor of 130 and 442?
26
Calculate the greatest common factor of 546 and 2262.
78
What is the highest common factor of 4 and 49?
1
What is the greatest common divisor of 49844 and 4?
4
Calculate the greatest common divisor of 42 and 154.
14
Calculate the greatest common divisor of 64 and 20.
4
Calculate the highest common factor of 27 and 297.
27
Calculate the highest common factor of 9 and 261.
9
What is the greatest common factor of 1176 and 24?
24
What is the highest common divisor of 360 and 1530?
90
What is the greatest common factor of 75 and 50?
25
Calculate the highest common factor of 2050 and 100.
50
Calculate the highest common divisor of 6132 and 84.
84
Calculate the greatest common factor of 4370 and 10.
10
What is the greatest common factor of 175 and 5845?
35
Calculate the highest common factor of 120 and 450.
30
What is the highest common factor of 342 and 950?
38
What is the greatest common divisor of 1633 and 284?
71
What is the highest common divisor of 24 and 210?
6
Calculate the highest common factor of 6 and 114.
6
What is the highest common divisor of 4255 and 1110?
185
Calculate the greatest common divisor of 11212 and 4.
4
Calculate the greatest common factor of 63 and 105.
21
What is the greatest common factor of 52 and 5252?
52
Calculate the highest common divisor of 35 and 14.
7
Calculate the greatest common factor of 2236 and 104.
52
Calculate the greatest common divisor of 42180 and 38.
38
Calculate the highest common divisor of 298 and 6109.
149
What is the highest common factor of 322 and 42?
14
Calculate the highest common divisor of 24 and 204.
12
What is the greatest common divisor of 44 and 43868?
44
Calculate the highest common divisor of 2737 and 119.
119
What is the highest common divisor of 7 and 2142?
7
What is the highest common divisor of 228 and 57?
57
What is the greatest common divisor of 3940 and 80?
20
Calculate the highest common divisor of 38 and 5.
1
Calculate the greatest common divisor of 85 and 15.
5
Calculate the highest common divisor of 96 and 1888.
32
Calculate the greatest common divisor of 645 and 30.
15
What is the highest common divisor of 1102 and 928?
58
What is the highest common divisor of 665 and 70?
35
Calculate the highest common factor of 24 and 52.
4
Calculate the highest common divisor of 2394 and 57.
57
Calculate the greatest common factor of 21252 and 168.
84
What is the greatest common factor of 88 and 374?
22
Calculate the highest common divisor of 194 and 69646.
194
What is the greatest common factor of 7 and 32?
1
Calculate the greatest common divisor of 2276 and 4.
4
Calculate the highest common factor of 8660 and 200.
20
What is the highest common factor of 166 and 12118?
166
What is the greatest common factor of 435 and 795?
15
Calculate the greatest common factor of 100 and 3475.
25
Calculate the highest common divisor of 181 and 18462.
181
What is the highest common divisor of 114 and 30?
6
Calculate the greatest common factor of 3 and 69.
3
Calculate the greatest common divisor of 21 and 1275.
3
What is the highest common divisor of 354 and 18?
6
What is the greatest common divisor of 3895 and 285?
95
Calculate the highest common factor of 51 and 884.
17
What is the highest common divisor of 70 and 560?
70
Calculate the greatest common factor of 99 and 45.
9
What is the highest common divisor of 26 and 286?
26
What is the highest common factor of 6 and 48?
6
Calculate the greatest common factor of 627 and 342.
57
Calculate the greatest common divisor of 783 and 29.
29
Calculate the highest common divisor of 104 and 12922.
26
What is the greatest common factor of 10745 and 921?
307
Calculate the highest common factor of 192 and 216.
24
Calculate the highest common factor of 42 and 5173.
7
Calculate the greatest common divisor of 31 and 2046.
31
What is the greatest common divisor of 3925 and 25?
25
What is the highest common factor of 28 and 322?
14
Calculate the greatest common factor of 1177 and 2996.
107
What is the greatest common factor of 1001 and 9724?
143
Calculate the greatest common divisor of 1763 and 41.
41
Calculate the highest common factor of 27 and 867.
3
What is the highest common divisor of 42 and 2394?
42
Calculate the greatest common divisor of 48 and 2904.
24
Calculate the highest common factor of 605 and 165.
55
Calculate the highest common divisor of 3042 and 52.
26
Calculate the greatest common factor of 32 and 14.
2
Calculate the highest common factor of 195 and 230.
5
Calculate the highest common divisor of 35 and 441.
7
What is the highest common factor of 15 and 1315?
5
What is the highest common factor of 12 and 39?
3
Calculate the greatest common divisor of 120 and 320.
40
What is the highest common divisor of 228 and 3?
3
What is the greatest common divisor of 848 and 6678?
106
What is the highest common divisor of 156 and 5733?
39
Calculate the greatest common factor of 18 and 9.
9
Calculate the highest common divisor of 60 and 17016.
12
Calculate the greatest common factor of 253 and 230.
23
What is the greatest common factor of 26 and 481?
13
Calculate the greatest common factor of 68 and 697.
17
Calculate the greatest common factor of 594 and 45.
9
What is the highest common factor of 140 and 11480?
140
Calculate the greatest common divisor of 28 and 2212.
28
Calculate the highest common factor of 15 and 120.
15
What is the greatest common divisor of 1261 and 13?
13
Calculate the highest common factor of 160 and 64.
32
Calculate the highest common factor of 11 and 1375.
11
What is the greatest common factor of 22 and 154?
22
Calculate the greatest common divisor of 153 and 2363.
17
Calculate the highest common factor of 46 and 3979.
23
What is the highest common factor of 150 and 1150?
50
Calculate the greatest common factor of 54 and 30.
6
Calculate the greatest common factor of 1701 and 84.
21
Calculate the greatest common factor of 570 and 1254.
114
What is the highest common divisor of 897 and 78?
39
Calculate the greatest common divisor of 55 and 32285.
55
Calculate the highest common factor of 31586 and 17.
17
What is the highest common factor of 113 and 339?
113
What is the highest common divisor of 52 and 4212?
52
What is the highest common divisor of 101210 and 349?
349
What is the greatest common divisor of 141 and 6?
3
What is the greatest common divisor of 1 and 27?
1
What is the greatest common divisor of 21 and 357?
21
Calculate the greatest common divisor of 255 and 867.
51
Calculate the greatest common factor of 1768 and 624.
104
What is the greatest common divisor of 11324 and 76?
76
What is the greatest common divisor of 210 and 342?
6
Calculate the greatest common divisor of 2025 and 25.
25
What is the greatest common factor of 26 and 26?
26
Calculate the greatest common divisor of 110 and 33.
11
What is the greatest common divisor of 286 and 1122?
22
What is the highest common factor of 3069 and 18?
9
What is the highest common divisor of 116 and 377?
29
Calculate the greatest common factor of 1971 and 73.
73
What is the greatest common divisor of 1067 and 319?
11
What is the greatest common factor of 40 and 5?
5
Calculate the highest common factor of 1668 and 144.
12
What is the highest common factor of 135 and 75?
15
Calculate the highest common divisor of 186 and 24.
6
Calculate the greatest common divisor of 66057 and 227.
227
What is the highest common divisor of 126 and 280?
14
Calculate the greatest common factor of 27 and 918.
27
Calculate the highest common divisor of 122 and 82.
2
Calculate the highest common divisor of 138 and 46.
46
Calculate the greatest common divisor of 145 and 1943.
29
What is the greatest common factor of 316 and 4266?
158
What is the highest common divisor of 15 and 25?
5
What is the greatest common divisor of 74 and 16946?
74
What is the greatest common divisor of 2286 and 3556?
254
Calculate the greatest common divisor of 1947 and 132.
33
Calculate the greatest common